 13 = 4*d - 3, 4*o = 5*d - 68. Let z be 12/48 - 69/o. Let p(n) = n**3 - 7*n**2 + 4*n + 8. Calculate p(z).
-4
Suppose -2*o - 6 = -408*d + 406*d, 4*o + 21 = -5*d. Let y(h) = 3*h**3 + 2*h**2 - 2. Give y(d).
-3
Let t be 988/234 - (-2)/(-9). Suppose -4*l + 3*l - t*o = -16, 0 = -l + 5*o - 20. Let x(n) = n**3 + 16. What is x(l)?
16
Let p(s) = 3*s**2 + 7*s + 16. Let l be p(-4). Let k(d) = -9*d - 11*d + 2 - 13*d + l*d. Let u = -7 - -9. What is k(u)?
8
Let r(a) = 3*a**2 + 4 - 9*a**3 - 12 + 7*a**3 - 5*a + 3*a**3 - 3*a. Calculate r(-4).
8
Let v(l) be the first derivative of -l**6/120 + 7*l**5/60 + l**4/24 - 5*l**3/2 + 29*l**2 - 71. Let c(s) be the second derivative of v(s). Give c(7).
-8
Let x(k) = -7*k - 4. Let w(y) = -13*y - 8. Let h(z) = 13*z + 8. Let q(g) = 3*h(g) + 2*w(g). Let m(u) = 4*q(u) + 7*x(u). What is m(3)?
13
Suppose z - 2*r + 4 = 0, -2*z + 2*r - 11 + 3 = 0. Let j be 6 - 3/(-2)*8/z. Suppose 0*h + 3*h = -2*w + 8, 0 = j*w - 2*h + 1. Let c(i) = 8*i. Determine c(w).
8
Let h(m) = -m**2 + m + 10. Let r be 5/(4 - -1)*31. Suppose -3*d = -9*d + r*d. Determine h(d).
10
Suppose 0 = t - 6 + 2. Suppose -t*z = -4*a - 308, -z + 2*a = -33 - 40. Let k be (z/(-7))/(-3) - (-7)/49. Let n(d) = -d**3 + 5*d**2 - 5. What is n(k)?
11
Let u(y) = 10*y**2 - 9*y**2 + 85*y**3 - 84*y**3 + 7. Let l(q) = 3*q + 3. Let w be l(-1). What is u(w)?
7
Let o = -6081 + 6081. Let u(m) = -m**3 - m**2 - 2*m + 40. Give u(o).
40
Let y(r) = 3*r**2 - 9*r + 8. Let l be y(-9). Let z = 340 - l. Let m(p) be the third derivative of -p**4/24 + 5*p**3/6 + p**2. Give m(z).
-3
Let g(c) be the second derivative of -2*c**3/3 - 13*c**2 + 1794*c. Give g(-7).
2
Let m be -40*(-1)/4 + 19/(-1). Let w(h) = -20*h - 172. Calculate w(m).
8
Let v(h) be the third derivative of 1/60*h**5 + 0 + 0*h - 67*h**2 + 1/3*h**4 - 4/3*h**3. Calculate v(-8).
-8
Let i(l) = l**2 - 15*l + 57. Let f(j) = 373*j + 752. Let q be f(-2). Give i(q).
3
Suppose 1380 = 201*p - 228. Let x(s) = -8*s**3 + 15*s**2 - 10*s + 7. Let q(y) = 7*y**3 - 14*y**2 + 9*y - 7. Let b(j) = -7*q(j) - 6*x(j). What is b(p)?
-17
Let n(s) = 29*s + 16*s + 2*s**3 - 87*s - 7*s**2 + 25*s - s**3. Give n(9).
9
Let q(v) = v - 1. Let d(y) = 10*y + 4. Let x(w) = d(w) - 4*q(w). Let f(u) = -7*u - 8. Suppose 0 = 11*i - 18*i - 35. Let l(z) = i*f(z) - 6*x(z). Determine l(6).
-14
Let c(u) = -17*u**2 + 11*u + 9*u**3 - 2 - 10*u**2 - 4 + 11*u**2. Let q(o) = 2*o**3 - 3*o**2 + 2*o - 1. Let b(s) = 2*c(s) - 11*q(s). Determine b(-1).
4
Let l = -5 - -8. Suppose -9*h + 0 + 18 = 0. Let y(p) = 3*p**2 + h*p - 3*p**l + 0*p**3 + 2*p**3. What is y(4)?
-8
Let w(z) = -36*z**3 + z**2 - 84*z + 200. Let m(p) = -11*p**3 - 28*p + 66. Let n(v) = 13*m(v) - 4*w(v). Give n(7).
9
Suppose 0 = i - 0 + 1. Let u(d) = -6*d**3 + 6*d**2 - 18. Let v(g) = -23*g**3 + 25*g**2 - 75. Let y(m) = -25*u(m) + 6*v(m). Give y(i).
-12
Let m(q) = 4*q - 640 - 640 - 3*q + 1288. Determine m(-8).
0
Let y(b) be the third derivative of b**6/720 + 17*b**5/120 + b**4/3 + 2*b**3/3 - 3*b**2 + 6. Let x(n) be the second derivative of y(n). Calculate x(-18).
-1
Let l(r) = 2*r + 3. Suppose 3*j = -15, -9*y - 5*j = -6*y + 202. Let h = 88 + y. Let n = 22 - h. What is l(n)?
-11
Let j(b) = 3*b + 1. Let w(m) = -39*m - 6. Let l(k) = 12*j(k) + w(k). Let z(p) = 4 + 1 - p - 8. Let x be z(-7). Give l(x).
-6
Let j(g) = -g**3 - 2*g**2 + g + 1. Let l(z) = z**3 + 3*z**2 - z - 2. Suppose -3 = 7*u - 17. Let h(i) = u*l(i) + 3*j(i). Let t = -7 + 8. What is h(t)?
-1
Let n = 168 + -151. Suppose -4*f + n = -3*u, -1 = -3*f - 4. Let o(y) = y**3 + 7*y**2 - 2*y - 3. Calculate o(u).
11
Let l(p) = 2*p - 3 + 1445*p**2 + 1 - 1437*p**2 + 0. Suppose -4*f = 3*g - f - 18, f = 2*g. What is l(g)?
34
Let d(n) = n - 10. Let q(r) = -r + 35. Let i be q(7). Suppose -15*z + 13*z + 4*l - 4 = 0, 0 = -4*z - l + i. Calculate d(z).
-4
Let w = 8962 - 9008. Let h(u) = -u**3 - 45*u**2 + 45*u - 41. Determine h(w).
5
Let f(o) be the third derivative of 5*o**4/24 + o**2. Let t(x) = 12*x**2 + 23*x - 205. Let s be t(8). Let d = s + -745. Determine f(d).
10
Let c(h) = h**3 - h**2 - 5*h - 1. Let x be (5 + -7 - -10) + 7. Suppose -13 = -f - x. Determine c(f).
-3
Let b(f) = -5*f - 109. Let w = 7820 - 7843. Calculate b(w).
6
Let f = -11006 + 11016. Let w(o) = -o**2 + 8*o + 23. Calculate w(f).
3
Let k(g) = g**3 + 4*g**2 - 8*g - 1. Let y(p) = p + 1. Let d(t) = -k(t) - 4*y(t). Let z be d(-5). Let h(j) = 6*j - 3 + 7 - 1 - 8*j. Give h(z).
-1
Let o = -4 - -6. Suppose -o*s + 0*s = 10. Let q(i) = -2 + 407*i - i**2 + 421*i - 834*i. Calculate q(s).
3
Let j(s) = s**3 - s**2 + 2*s + 5. Let l(b) = -5*b**3 + 4*b**2 - 9*b - 24. Let n(x) = -4*j(x) - l(x). Determine n(0).
4
Let q(c) = 2*c - 1. Let s(b) = b**2 + 13*b + 31. Let w(j) = q(j) + s(j). Let y be w(-13). Let x(k) = -6*k + 6. Determine x(y).
-18
Let b(d) be the third derivative of d**4/8 + d**3/6 + 30*d**2 - 1. Let y(c) = c. Let w(h) = b(h) - 6*y(h). Calculate w(5).
-14
Let i = 313 + -323. Let m(p) be the first derivative of 2*p - 5*p**2 + 3*p**3 + 1/4*p**4 - 11. Determine m(i).
2
Let t(w) be the first derivative of w**3/3 - w**2/2 - 8*w + 2143. Calculate t(-5).
22
Let b(i) = -6*i + 14. Let d be b(6). Let n(k) = 129*k**3 - 71*k**3 - 59*k**3 - 3*k + 26*k - 21*k**2 + 16. What is n(d)?
-6
Let i(k) be the first derivative of -k**3/3 - 15*k**2 - 3*k - 7468. Determine i(-5).
122
Let o(n) = 31*n + 836. Let r be o(-27). Let q(w) be the third derivative of 2*w**5/15 + w**3/6 + 2*w**2. Calculate q(r).
9
Let m = -13279 - -13274. Let l(s) = -s**2 - 10*s - 13. Determine l(m).
12
Let i(o) = -o**2 + 16*o + 295. Let a be i(27). Let x(z) = 6*z**2 + 3*z + 4. Calculate x(a).
22
Let r = 366 - -361. Let u(m) = -6 + 1455*m - r*m - 726*m. Calculate u(-4).
-14
Let f(m) = m**2 + m - 4. Let g(u) = -u**3 + 7*u**2 - 11*u + 10. Let b(t) = 2*f(t) + g(t). Calculate b(8).
-6
Let a be 15/(-25)*(-40)/12. Let h(u) = -23*u**2 - 4 + 20*u**a - 10*u + u**3 - 6*u**2. What is h(10)?
-4
Let x(s) = s + 7. Suppose 4*o - 5*o - m + 4 = 0, 0 = o - m + 4. Suppose o = 5*a - 2 + 32. Calculate x(a).
1
Let y = -62 + 112. Let h = -8643 + 8695. Let b = h - y. Let m(r) = r**3 - r**2 - r - 2. Calculate m(b).
0
Let l(d) = -28*d - 7. Let c(x) = 82*x + 20. Let g(b) = -3*c(b) - 8*l(b). Let f(o) = -6*o - 1. Let z(i) = -18*f(i) + 4*g(i). What is z(2)?
42
Suppose -108 = -207*r + 180*r. Let a(n) = n**2 - 7 - 5*n + 0*n + 3*n. What is a(r)?
1
Let k(v) = -v - 19. Suppose 1484*s - 1488*s + 147 = -5*l, 3*l = 5*s - 83. Determine k(l).
12
Let o(k) = -2*k**2 - 57*k + 111. Let y be o(-30). Let p(s) = -93*s + 90*s - 22*s**3 + y*s**3 - 1. Let g be (2/(-3))/((-2)/(-6)). Calculate p(g).
13
Suppose -4*z = -s + 46, 2*s + 0*z - 3*z - 102 = 0. Suppose -8*g - g = -s. Let t(w) = -w**2 + 6*w - 8. What is t(g)?
-8
Let w = -1287 + 1288. Suppose -3 = -2*t + 3. Let v(l) = -4*l**2 - 4 - t*l**2 + 6*l**3 + 5 + 6*l**2. Determine v(w).
6
Let i(s) = s - 24. Let l be 3/6*(37 + 1). Let x be i(l). Let t(y) = 0*y**2 + 1 - 6*y**2 + 4 - y**3 + 11*y - 13*y. Give t(x).
-10
Let r(m) be the first derivative of m**4/6 - 11*m**3/6 - 3*m**2/2 + 16*m + 110. Let y(o) be the second derivative of r(o). Calculate y(3).
1
Let x(s) be the third derivative of -s**8/3360 + 23*s**5/20 - s**3/3 + 3*s**2 + s. Let u(c) be the third derivative of x(c). What is u(1)?
-6
Let a be (-264)/99*3/(-4). Let g(w) = 15*w**a + 5*w - 5*w**2 - 8 - 9*w**2 + 0*w**2. Give g(-6).
-2
Let r(b) = -b**3 + 8*b**2 - 5*b - 10. Let s be r(7). Let c(v) = -s*v + 0*v + 5*v. Let z be (((-132)/(-9))/(-11))/((-3)/18*1). Give c(z).
8
Let w(m) = 423*m - 17 + m**3 + 29*m**2 + 466*m + 451*m - 1287*m. Give w(-27).
10
Let a(c) = -c. Let y(x) = 4*x + 7. Let p(f) = -6*a(f) - 2*y(f). Let o = -24819 - -24807. Calculate p(o).
10
Let l be 1*-1 - 120/(-30). Let p be ((-2)/(-6))/(1/3). Let b(n) = -p - n + 4 - 20*n**2 + 19*n**2. Give b(l).
-9
Let d(o) = -13*o**2 - 12*o + 3. Let i(c) = -25*c**2 - 27*c + 7. Let m(k) = 9*d(k) - 4*i(k). Let j be 5 + 1/(0 + 1). Let y be (-1)/(-3) - 8/j. Calculate m(y).
-18
Let p = 214 + -211. Let h(w) = 4*w + p + 0 - 6*w. Determine h(-7).
17
Let g(u) = -6*u + 4. Suppose 2*d + 2*v - 171 = -773, 0 = -5*d - 2*v - 1499. Let t = -303 - d. Calculate g(t).
28
Let v = -590 + 590. Let o(z) be the third derivative of -1/120*z**6 - 5*z**2 - 1/15*z**5 + 1/6*z**3 + 0*z + v + 1/24*z**4. What is o(-4)?
